{"id":1312,"date":"2012-03-06T10:51:15","date_gmt":"2012-03-06T08:51:15","guid":{"rendered":"http:\/\/www.freizeittourer.de\/?page_id=1312"},"modified":"2023-08-01T11:35:29","modified_gmt":"2023-08-01T09:35:29","slug":"radler-links","status":"publish","type":"page","link":"https:\/\/www.freizeittourer.de\/?page_id=1312","title":{"rendered":"Radler-Links"},"content":{"rendered":"\n<p><span style=\"font-family: arial,helvetica,sans-serif;\">Im Netz gibt es so viel gute Seiten, auf denen \u00fcber Radwege berichtet wird. Die besten werde ich hier auflisten. Neue Radwege, aber vor allem Seiten mit Reiseberichten und Fotos finde ich sehr hilfreich. Es geht hier nicht darum, kommerziellen Reiseanbietern noch eine Plattform zu bieten, sondern um Biker wie Du und Ich, die f\u00fcr gute Hintergrundinformationen und Tipps immer dankbar sind.<\/span><\/p>\n\n\n\n<hr class=\"wp-block-separator has-alpha-channel-opacity\"\/>\n\n\n\n<p><span style=\"font-family: arial,helvetica,sans-serif; font-size: large;\"><a title=\"Bahntrassenradeln\" href=\"http:\/\/www.achim-bartoschek.de\/\" target=\"_blank\" rel=\"noopener\">Bahntrassenradeln<\/a><\/span><\/p>\n\n\n\n<p><span style=\"font-family: arial,helvetica,sans-serif;\">Die Seite von Achim Bartoschek ist f\u00fcr jeden Genussradler eine Pflichtseite, denn hier&nbsp;wurden bisher 570 Wege in Deutschland und 745 Wege in 19 anderen europ\u00e4ischen L\u00e4ndern erfasst (zusammen ca. 15.000 km) und rund 500 Wege in Deutschland und den unmittelbar benachbarten L\u00e4ndern ausf\u00fchrlich beschrieben und bewertet. Die Seite bietet Streckenbeschreibungen, Karten und sogar Fotos. Besser geht es nicht. Die F\u00fclle der Informationen ist gigantisch.<\/span><\/p>\n\n\n\n<hr class=\"wp-block-separator has-alpha-channel-opacity\"\/>\n\n\n\n<p><span style=\"font-family: arial,helvetica,sans-serif; font-size: large;\"><a title=\"Fluss-Radwege\" href=\"http:\/\/www.fluss-radwege.de\/index.php\" target=\"_blank\" rel=\"noopener\">Fluss-Radwege<\/a><\/span><\/p>\n\n\n\n<p><span style=\"font-family: arial,helvetica,sans-serif;\">Auf dieser Seite wird \u00fcber&nbsp;Fluss-Radwege in Sachsen-Anhalt, Th\u00fcringen und Brandenburg sowie andere sch\u00f6ne Radwanderwege, Rundkurse und Verbindungsstrecken berichtet. Es gibt Berichte und Fotos von Radtouren an&nbsp;Elbe, Saale, Unstrut, Mulde, Elster, Havel, Aller, Bode, Wipper, sowie den Fluss- oder St\u00e4dte-Verbindungsradwege. Auch&nbsp;thematische Touren wie den Himmelsscheibenradweg oder die Kohle-Dampf-Licht-Route,&nbsp;sowie einige entfernte Fernradwege werden hier ausf\u00fchrlich beschrieben. Die meisten Radwege wurden vom Autor selbst getestet. Er wei\u00df also, wo von er erz\u00e4hlt. Sch\u00f6n gemachte Seite mit vielen wertvollen Infos.<\/span><\/p>\n\n\n\n<hr class=\"wp-block-separator has-alpha-channel-opacity\"\/>\n\n\n\n<p><span style=\"font-family: arial,helvetica,sans-serif; font-size: large;\"><a title=\"Radtouren von Rainer Sielker\" href=\"http:\/\/www.rainer-sielker.de\/\" target=\"_blank\" rel=\"noopener\">Rainer Sielker berichtet \u00fcber seine vielen Touren<\/a><\/span><\/p>\n\n\n\n<p><span style=\"font-family: arial,helvetica,sans-serif;\">Rainer hat seit der Jahrtausendwende mit seinen Freunden schon fast 20 Radtouren unternommen. Er berichtet ausf\u00fchrlich und mit vielen Bildern&nbsp;von seinen Reisen und Erlebnissen. Eine tolle Anregung f\u00fcr eigene Reisen mit dem Rad.&nbsp;Es ist doch sehr tr\u00f6stlich, dass auch andere Radler&nbsp;schlechtes Wetter haben oder st\u00e4ndig mit Gegenwind&nbsp;k\u00e4mpfen m\u00fcssen. Sehr pers\u00f6nliche und lebendige Seite.<\/span><\/p>\n\n\n\n<hr class=\"wp-block-separator has-alpha-channel-opacity\"\/>\n\n\n\n<p><span style=\"font-family: arial,helvetica,sans-serif; font-size: large;\"><a title=\"Radlerportal f\u00fcr Genussradler\" href=\"http:\/\/www.radtouren.net\/\" target=\"_blank\" rel=\"noopener\">Radtouren f\u00fcr Genussradler<\/a><\/span><\/p>\n\n\n\n<p><span style=\"font-family: arial,helvetica,sans-serif;\">Dieter Hurcks aus Burgdorf hat sich viel Arbeit gemacht und ein Portal f\u00fcr Genussradler aufgebaut. Er ist jede beschriebene Tour selbst gefahren und gibt viele n\u00fctzliche Tipps.&nbsp;\u00dcber 80 !! Touren werden hier ausf\u00fchrlich und mit vielen Fotos&nbsp;vorgestellt. Etwas neidisch bin ich schon, wenn ich lese, welche Touren wir nicht nicht gefahren sind. Das liegt noch viel vor uns.&nbsp;<\/span><\/p>\n\n\n\n<hr class=\"wp-block-separator has-alpha-channel-opacity\"\/>\n\n\n\n<p><span style=\"font-family: arial,helvetica,sans-serif; font-size: large;\"><a title=\"Seniorenradtouren\" href=\"http:\/\/www.seniorenradtouren.de\/\" target=\"_blank\" rel=\"noopener\">Portal f\u00fcr Radler \u00fcber 50<\/a><\/span><\/p>\n\n\n\n<p><span style=\"font-family: arial,helvetica,sans-serif;\">Dieter Hurcks aus Burgdorf hat sich auch hier verdient gemacht, denn auch diese Website stammt von ihm.&nbsp;Genau die Altersklasse, zu der wir auch geh\u00f6ren, findet hier n\u00fctzliche Tipps. H\u00e4tte ich ja auch drauf kommen k\u00f6nnen, denn wir treffen immer mehr Radler, die in unserem Alter sind und f\u00fcr die der Genuss eine ebenso wichtige Rolle spielt, wie das Radeln in der Natur.&nbsp;&nbsp;&nbsp;<\/span><\/p>\n\n\n\n<hr class=\"wp-block-separator has-alpha-channel-opacity\"\/>\n","protected":false},"excerpt":{"rendered":"<p>Im Netz gibt es so viel gute Seiten, auf denen \u00fcber Radwege berichtet wird. Die besten werde ich hier auflisten. Neue Radwege, aber vor allem Seiten mit Reiseberichten und Fotos finde ich sehr hilfreich. Es geht hier nicht darum, kommerziellen &hellip; <a href=\"https:\/\/www.freizeittourer.de\/?page_id=1312\">Weiterlesen <span class=\"meta-nav\">&rarr;<\/span><\/a><\/p>\n","protected":false},"author":2,"featured_media":0,"parent":0,"menu_order":4,"comment_status":"open","ping_status":"closed","template":"","meta":{"footnotes":""},"class_list":["post-1312","page","type-page","status-publish","hentry"],"_links":{"self":[{"href":"https:\/\/www.freizeittourer.de\/index.php?rest_route=\/wp\/v2\/pages\/1312","targetHints":{"allow":["GET"]}}],"collection":[{"href":"https:\/\/www.freizeittourer.de\/index.php?rest_route=\/wp\/v2\/pages"}],"about":[{"href":"https:\/\/www.freizeittourer.de\/index.php?rest_route=\/wp\/v2\/types\/page"}],"author":[{"embeddable":true,"href":"https:\/\/www.freizeittourer.de\/index.php?rest_route=\/wp\/v2\/users\/2"}],"replies":[{"embeddable":true,"href":"https:\/\/www.freizeittourer.de\/index.php?rest_route=%2Fwp%2Fv2%2Fcomments&post=1312"}],"version-history":[{"count":29,"href":"https:\/\/www.freizeittourer.de\/index.php?rest_route=\/wp\/v2\/pages\/1312\/revisions"}],"predecessor-version":[{"id":3870,"href":"https:\/\/www.freizeittourer.de\/index.php?rest_route=\/wp\/v2\/pages\/1312\/revisions\/3870"}],"wp:attachment":[{"href":"https:\/\/www.freizeittourer.de\/index.php?rest_route=%2Fwp%2Fv2%2Fmedia&parent=1312"}],"curies":[{"name":"wp","href":"https:\/\/api.w.org\/{rel}","templated":true}]}}